{"id":2183,"date":"2021-09-22T10:00:34","date_gmt":"2021-09-22T08:00:34","guid":{"rendered":"https:\/\/dehag.info\/dehag\/produkt\/aqua-bodyflex-workshop-online\/"},"modified":"2025-05-26T18:58:39","modified_gmt":"2025-05-26T16:58:39","slug":"aqua-bodyflex-workshop-online","status":"publish","type":"product","link":"https:\/\/www.dehag.de\/dehag\/produkt\/aqua-bodyflex-workshop-online\/","title":{"rendered":"Aqua Bodyflex Workshop Online"},"content":{"rendered":"<p>Das Training mit der Bodyflex<br \/>\n\u2022Was bewirkt der Bodyflex im Wasser und an Land?<br \/>\n\u2022Die Wirkungsweise der Bodyflex im Wasser<br \/>\n\u2022Flexibilit\u00e4tstraining<br \/>\n\u2022Entspannung und Schmerzreduktion<\/p>\n<p>Was dich erwartet!<br \/>\n\u2022Videos an Land und im Wasser<br \/>\n\u2022Skipt<br \/>\n\u2022Bilder<\/p>\n","protected":false},"excerpt":{"rendered":"<p>Der Bodyflex ist ein Schwungstab f\u00fcrs Wasser. \u00dcber Wasser ist es ein sensomotorisches Training.Unterschiedliche Workout zeigen dir wie vielf\u00e4ltig der Bodyflex ist.<\/p>\n","protected":false},"featured_media":32669,"template":"","meta":{"_et_pb_use_builder":"","_et_pb_old_content":"","_et_gb_content_width":""},"product_brand":[],"product_cat":[58],"product_tag":[],"class_list":{"0":"post-2183","1":"product","2":"type-product","3":"status-publish","4":"has-post-thumbnail","6":"product_cat-workshops","7":"product_shipping_class-standard","9":"first","10":"instock","11":"taxable","12":"shipping-taxable","13":"purchasable","14":"product-type-simple"},"acf":[],"_links":{"self":[{"href":"https:\/\/www.dehag.de\/dehag\/wp-json\/wp\/v2\/product\/2183","targetHints":{"allow":["GET"]}}],"collection":[{"href":"https:\/\/www.dehag.de\/dehag\/wp-json\/wp\/v2\/product"}],"about":[{"href":"https:\/\/www.dehag.de\/dehag\/wp-json\/wp\/v2\/types\/product"}],"wp:featuredmedia":[{"embeddable":true,"href":"https:\/\/www.dehag.de\/dehag\/wp-json\/wp\/v2\/media\/32669"}],"wp:attachment":[{"href":"https:\/\/www.dehag.de\/dehag\/wp-json\/wp\/v2\/media?parent=2183"}],"wp:term":[{"taxonomy":"product_brand","embeddable":true,"href":"https:\/\/www.dehag.de\/dehag\/wp-json\/wp\/v2\/product_brand?post=2183"},{"taxonomy":"product_cat","embeddable":true,"href":"https:\/\/www.dehag.de\/dehag\/wp-json\/wp\/v2\/product_cat?post=2183"},{"taxonomy":"product_tag","embeddable":true,"href":"https:\/\/www.dehag.de\/dehag\/wp-json\/wp\/v2\/product_tag?post=2183"}],"curies":[{"name":"wp","href":"https:\/\/api.w.org\/{rel}","templated":true}]}}