{"id":1542,"date":"2022-03-28T11:39:19","date_gmt":"2022-03-28T09:39:19","guid":{"rendered":"https:\/\/dehag.info\/fitnesswelten\/produkt\/newline-herren-imotion-printed-shirt-grau-schwarz\/"},"modified":"2025-04-08T20:56:41","modified_gmt":"2025-04-08T18:56:41","slug":"newline-herren-imotion-printed-shirt-grau-schwarz","status":"publish","type":"product","link":"https:\/\/www.dehag.de\/fitnesswelten\/produkt\/newline-herren-imotion-printed-shirt-grau-schwarz\/","title":{"rendered":"NEWLINE Herren Imotion Printed Shirt &#8211; Grau \/ Schwarz"},"content":{"rendered":"<p>Die Produktfeatures des Newline Herren Printed Shirt Imotion<br \/>\n&#8211; langarm Laufshirt<br \/>\n&#8211; reflektierendes Logo-Detail<br \/>\n&#8211; W\u00e4rmeisolierung durch die aufgeraute Innenseite<br \/>\n&#8211; Stehkragen mit Rei\u00dfverschluss<\/p>\n<p>Lieferzeiten: 2-5 Tage &#8211; gilt f\u00fcr Lieferungen innerhalb Deutschlands, Lieferzeiten f\u00fcr andere L\u00e4nder entnehmen Sie bitte der Schaltfl\u00e4che mit den Versandinformationen<\/p>\n","protected":false},"excerpt":{"rendered":"<p>Marke: NEWLINE<\/p>\n<p>Model: Imotion Printed Shirt\/Herren<br \/>\nFarbe: Grau \/ Schwarz<br \/>\nMaterial: 100% Polyester<\/p>\n<p>langarm Laufshirt<br \/>\nRaglan\u00e4rmel<br \/>\nStehkragen mit Rei\u00dfverschluss<br \/>\nreflektierendes Logo-Detail<br \/>\nW\u00e4rmeisolierung durch die aufgeraute Innenseite<br \/>\nFlachn\u00e4hte<\/p>\n<p>Das Herren Printed Shirt Imotion ist verf\u00fcgbar in den Gr\u00f6\u00dfen<br \/>\n&#8211; L<\/p>\n","protected":false},"featured_media":3430,"template":"","meta":{"_et_pb_use_builder":"","_et_pb_old_content":"","_et_gb_content_width":""},"product_brand":[],"product_cat":[96],"product_tag":[],"class_list":{"0":"post-1542","1":"product","2":"type-product","3":"status-publish","4":"has-post-thumbnail","6":"product_cat-fashion","7":"product_shipping_class-dhl","9":"first","10":"instock","11":"taxable","12":"shipping-taxable","13":"purchasable","14":"product-type-simple"},"acf":[],"_links":{"self":[{"href":"https:\/\/www.dehag.de\/fitnesswelten\/wp-json\/wp\/v2\/product\/1542","targetHints":{"allow":["GET"]}}],"collection":[{"href":"https:\/\/www.dehag.de\/fitnesswelten\/wp-json\/wp\/v2\/product"}],"about":[{"href":"https:\/\/www.dehag.de\/fitnesswelten\/wp-json\/wp\/v2\/types\/product"}],"wp:featuredmedia":[{"embeddable":true,"href":"https:\/\/www.dehag.de\/fitnesswelten\/wp-json\/wp\/v2\/media\/3430"}],"wp:attachment":[{"href":"https:\/\/www.dehag.de\/fitnesswelten\/wp-json\/wp\/v2\/media?parent=1542"}],"wp:term":[{"taxonomy":"product_brand","embeddable":true,"href":"https:\/\/www.dehag.de\/fitnesswelten\/wp-json\/wp\/v2\/product_brand?post=1542"},{"taxonomy":"product_cat","embeddable":true,"href":"https:\/\/www.dehag.de\/fitnesswelten\/wp-json\/wp\/v2\/product_cat?post=1542"},{"taxonomy":"product_tag","embeddable":true,"href":"https:\/\/www.dehag.de\/fitnesswelten\/wp-json\/wp\/v2\/product_tag?post=1542"}],"curies":[{"name":"wp","href":"https:\/\/api.w.org\/{rel}","templated":true}]}}