{"id":1547,"date":"2022-03-28T12:02:17","date_gmt":"2022-03-28T10:02:17","guid":{"rendered":"https:\/\/dehag.info\/fitnesswelten\/produkt\/newline-herren-imotion-thermo-hose-dunkel-blau\/"},"modified":"2025-04-08T20:56:42","modified_gmt":"2025-04-08T18:56:42","slug":"newline-herren-imotion-thermo-hose-dunke-blau","status":"publish","type":"product","link":"https:\/\/www.dehag.de\/fitnesswelten\/produkt\/newline-herren-imotion-thermo-hose-dunke-blau\/","title":{"rendered":"NEWLINE Herren Imotion Thermo Hose &#8211; Dunke Blau"},"content":{"rendered":"<p>Die Produktfeatures der Newline Herren Thermo Hose Imotion<br \/>\n&#8211; Windbreaker Schutz<br \/>\n&#8211; Thermofutter<br \/>\n&#8211; Elastischer Bund mit Kordelzug<br \/>\n&#8211; Rei\u00dfverschlusstasche hinten am Bund<br \/>\n&#8211; Rei\u00dfverschl\u00fcsse an den Beinenden<br \/>\n&#8211; Jerseystretch Eins\u00e4tze an den Beinenden und hinten am Bund<\/p>\n<p>Lieferzeiten: 2-5 Tage &#8211; gilt f\u00fcr Lieferungen innerhalb Deutschlands, Lieferzeiten f\u00fcr andere L\u00e4nder entnehmen Sie bitte der Schaltfl\u00e4che mit den Versandinformationen<\/p>\n","protected":false},"excerpt":{"rendered":"<p>Marke: NEWLINE<\/p>\n<p>Model: Imotion Thermo Hose\/Herren<br \/>\nFarbe: Blau<br \/>\nMaterial 1: 100% Polyester Material 2: 50% Polyamid \/ 35% Polyester \/ 15% Elasthan<\/p>\n<p>Die &#8220;Imotion Thermal Pants&#8221; von Newline. Mit Windbreaker Material auf der Vorderseite und dehnbaren Jersey-Eins\u00e4tzen an den Beinenden und hinten am Bund, bietet die Hose nicht nur ausgezeichneten Schutz vor Wind, sondern ist dank der Jerseystretch-Eins\u00e4tze, auch angenehm atmungsaktiv.<br \/>\nDie Hose ist besonders f\u00fcr kalte Wintertage geeignet<\/p>\n<p>Die Herren Thermo Hose Imotion ist verf\u00fcgbar in den Gr\u00f6\u00dfen<br \/>\n&#8211; L<br \/>\n&#8211; XL<\/p>\n","protected":false},"featured_media":3438,"template":"","meta":{"_et_pb_use_builder":"","_et_pb_old_content":"","_et_gb_content_width":""},"product_brand":[],"product_cat":[96],"product_tag":[],"class_list":{"0":"post-1547","1":"product","2":"type-product","3":"status-publish","4":"has-post-thumbnail","6":"product_cat-fashion","7":"product_shipping_class-dhl","9":"first","10":"instock","11":"taxable","12":"shipping-taxable","13":"purchasable","14":"product-type-simple"},"acf":[],"_links":{"self":[{"href":"https:\/\/www.dehag.de\/fitnesswelten\/wp-json\/wp\/v2\/product\/1547","targetHints":{"allow":["GET"]}}],"collection":[{"href":"https:\/\/www.dehag.de\/fitnesswelten\/wp-json\/wp\/v2\/product"}],"about":[{"href":"https:\/\/www.dehag.de\/fitnesswelten\/wp-json\/wp\/v2\/types\/product"}],"wp:featuredmedia":[{"embeddable":true,"href":"https:\/\/www.dehag.de\/fitnesswelten\/wp-json\/wp\/v2\/media\/3438"}],"wp:attachment":[{"href":"https:\/\/www.dehag.de\/fitnesswelten\/wp-json\/wp\/v2\/media?parent=1547"}],"wp:term":[{"taxonomy":"product_brand","embeddable":true,"href":"https:\/\/www.dehag.de\/fitnesswelten\/wp-json\/wp\/v2\/product_brand?post=1547"},{"taxonomy":"product_cat","embeddable":true,"href":"https:\/\/www.dehag.de\/fitnesswelten\/wp-json\/wp\/v2\/product_cat?post=1547"},{"taxonomy":"product_tag","embeddable":true,"href":"https:\/\/www.dehag.de\/fitnesswelten\/wp-json\/wp\/v2\/product_tag?post=1547"}],"curies":[{"name":"wp","href":"https:\/\/api.w.org\/{rel}","templated":true}]}}