{"id":2545,"date":"2023-02-16T12:05:08","date_gmt":"2023-02-16T11:05:08","guid":{"rendered":"http:\/\/www.dehag.de\/fitnesswelten\/produkt\/togu-dynair-ballkissen-senso-schwarz-33-cm\/"},"modified":"2026-02-28T11:09:07","modified_gmt":"2026-02-28T10:09:07","slug":"togu-dynair-ballkissen-senso-schwarz-33-cm","status":"publish","type":"product","link":"https:\/\/www.dehag.de\/fitnesswelten\/produkt\/togu-dynair-ballkissen-senso-schwarz-33-cm\/","title":{"rendered":"TOGU Dynair Ballkissen Senso schwarz 33 cm"},"content":{"rendered":"<p>Was bewirkt die Anwendung?<br \/>\nEinen gesunden, starken R\u00fccken und eine stabile K\u00f6rpermitte. Der R\u00fccken wird wirksam und einfach entlastet und nebenbei trainiert. Die Bandscheiben werden sanft in Schwung gehalten und die Muskulatur an der Wirbels\u00e4ule wird trainiert. Die aufrechte Haltung kann optimiert werden. Zus\u00e4tzlich treten beim sogenannten sensomotorischen Training (Zusammenspiel zwischen Nerven- und Muskelsystem) folgende Effekte auf: Verbesserung des Nervensystems, der Konzentration und Koordination, der Gelenkstabilit\u00e4t und von Bewegungsabl\u00e4ufen allgemein.<\/p>\n<p>Wie Funktioniert es?<br \/>\nDurch die Luftf\u00fcllung, die Form und das spezielle hochwertige Material wird dynamisches Sitzen und Trainieren erm\u00f6glicht: es werden st\u00e4ndig und unmittelbar minimale Bewegungen auf den K\u00f6rper \u00fcbertragen. Dadurch wird ganz nebenbei die tieferliegende R\u00fcckenmuskulatur und das sensomotorische System unwillk\u00fcrlich trainiert. Im Gegensatz zum Sitzen auf starren Unterlagen werden diese f\u00fcr die Stabilit\u00e4t des K\u00f6rpers so wichtigen tieferliegenden Muskeln mit trainiert. Nebenbei kann es \u00fcberall eingesetzt werden \u2013 zu Hause, im B\u00fcro oder auf Reisen \u2013 und es erm\u00f6glicht ein Training ganz ohne zus\u00e4tzlichen Zeitaufwand. <\/p>\n<p>Technische Daten:<br \/>\nMa\u00dfe: ca. 33 cm Durchmesser<br \/>\nGewicht: ca. 850 g<br \/>\nBelastbarkeit: bis max. 200 kg<\/p>\n","protected":false},"excerpt":{"rendered":"<p>Dynair\u00ae Ballkissen\u00ae Senso\u00ae 33 cm &#8211; schwarz<\/p>\n<p>Farben: Schwarz<\/p>\n<p>Versandgewicht: 1,5 kg<\/p>\n<p>Hersteller: TOGU<\/p>\n","protected":false},"featured_media":3695,"template":"","meta":{"_et_pb_use_builder":"","_et_pb_old_content":"","_et_gb_content_width":""},"product_brand":[],"product_cat":[],"product_tag":[],"class_list":{"0":"post-2545","1":"product","2":"type-product","3":"status-publish","4":"has-post-thumbnail","6":"product_shipping_class-dhl","8":"first","9":"outofstock","10":"taxable","11":"shipping-taxable","12":"purchasable","13":"product-type-simple"},"acf":[],"_links":{"self":[{"href":"https:\/\/www.dehag.de\/fitnesswelten\/wp-json\/wp\/v2\/product\/2545","targetHints":{"allow":["GET"]}}],"collection":[{"href":"https:\/\/www.dehag.de\/fitnesswelten\/wp-json\/wp\/v2\/product"}],"about":[{"href":"https:\/\/www.dehag.de\/fitnesswelten\/wp-json\/wp\/v2\/types\/product"}],"wp:featuredmedia":[{"embeddable":true,"href":"https:\/\/www.dehag.de\/fitnesswelten\/wp-json\/wp\/v2\/media\/3695"}],"wp:attachment":[{"href":"https:\/\/www.dehag.de\/fitnesswelten\/wp-json\/wp\/v2\/media?parent=2545"}],"wp:term":[{"taxonomy":"product_brand","embeddable":true,"href":"https:\/\/www.dehag.de\/fitnesswelten\/wp-json\/wp\/v2\/product_brand?post=2545"},{"taxonomy":"product_cat","embeddable":true,"href":"https:\/\/www.dehag.de\/fitnesswelten\/wp-json\/wp\/v2\/product_cat?post=2545"},{"taxonomy":"product_tag","embeddable":true,"href":"https:\/\/www.dehag.de\/fitnesswelten\/wp-json\/wp\/v2\/product_tag?post=2545"}],"curies":[{"name":"wp","href":"https:\/\/api.w.org\/{rel}","templated":true}]}}