{"id":4123,"date":"2025-04-29T09:07:36","date_gmt":"2025-04-29T07:07:36","guid":{"rendered":"http:\/\/www.dehag.de\/fitnesswelten\/produkt\/aqua-hanteln-junior-11cm-lila\/"},"modified":"2025-09-09T16:05:31","modified_gmt":"2025-09-09T14:05:31","slug":"aqua-hanteln-basic-o-11cm-4","status":"publish","type":"product","link":"https:\/\/www.dehag.de\/fitnesswelten\/produkt\/aqua-hanteln-basic-o-11cm-4\/","title":{"rendered":"Aqua Hanteln Basic \u00f8 11cm"},"content":{"rendered":"<p>Marke: DEHAG<\/p>\n<p>Material: geschlossenzelliges Evazote (nimmt kein Wasser auf)<\/p>\n<p>Die Kurzhantel Basic bringt Stimmung in Ihr Training.<br \/>\nSuper geeignet f\u00fcr Trainierende im Wasser, diese Kurzhantel unterst\u00fctzt jedes Training.<br \/>\nZum Beispiel Aqua-Jogging-Workout oder Aqua-Cycling-Training.<br \/>\nProbieren Sie aus, wie Sie Ihr Training lebhaft und abwechslungsreich gestalten k\u00f6nnen.<\/p>\n<p>Farbe: orange, gr\u00fcn, lila, blau<br \/>\nFarbwunsch bitte bei Bestellung angeben<\/p>\n<p>Ausf\u00fchrung:<br \/>\nBasic Aqua Hantel Die Gesamtl\u00e4nge betr\u00e4gt ca. 28 cm, die Griffl\u00e4nge 10 cm und der Durchmesser \u00f8 11 cm.<br \/>\nProfi Aqua Hantel Die Gesamtl\u00e4nge betr\u00e4gt ca. 28 cm, die Griffl\u00e4nge 10 cm und der Durchmesser \u00f8 14 cm.<br \/>\nDie Scheiben sind jeweils ca. 8,5 cm breit.<\/p>\n<p>Verkaufseinheit: paarweise<\/p>\n<p>Lieferzeiten: 2-5 Tage<br \/>\n\u2013 gilt f\u00fcr Lieferungen innerhalb Deutschlands, Lieferzeiten f\u00fcr andere L\u00e4nder entnehmen Sie bitte der Schaltfl\u00e4che mit den Versandinformationen<\/p>\n","protected":false},"excerpt":{"rendered":"<p>Die Premium Aquahantel bietet durch ihren ergonomischen Softgriff und das Halteband hohen Komfort beim Aquafitness-Training.<br \/>\nSie ist auch ideal geeignet f\u00fcr Aqua-Jogging, Aqua Cycling, Aqua Fitness und Wassertherapie.<\/p>\n","protected":false},"featured_media":4126,"template":"","meta":{"_et_pb_use_builder":"","_et_pb_old_content":"","_et_gb_content_width":""},"product_brand":[],"product_cat":[88],"product_tag":[],"class_list":{"0":"post-4123","1":"product","2":"type-product","3":"status-publish","4":"has-post-thumbnail","6":"product_cat-aqua-hanteln-aqua-fitness","7":"product_shipping_class-dhl","9":"first","10":"instock","11":"taxable","12":"shipping-taxable","13":"purchasable","14":"product-type-simple"},"acf":[],"_links":{"self":[{"href":"https:\/\/www.dehag.de\/fitnesswelten\/wp-json\/wp\/v2\/product\/4123","targetHints":{"allow":["GET"]}}],"collection":[{"href":"https:\/\/www.dehag.de\/fitnesswelten\/wp-json\/wp\/v2\/product"}],"about":[{"href":"https:\/\/www.dehag.de\/fitnesswelten\/wp-json\/wp\/v2\/types\/product"}],"wp:featuredmedia":[{"embeddable":true,"href":"https:\/\/www.dehag.de\/fitnesswelten\/wp-json\/wp\/v2\/media\/4126"}],"wp:attachment":[{"href":"https:\/\/www.dehag.de\/fitnesswelten\/wp-json\/wp\/v2\/media?parent=4123"}],"wp:term":[{"taxonomy":"product_brand","embeddable":true,"href":"https:\/\/www.dehag.de\/fitnesswelten\/wp-json\/wp\/v2\/product_brand?post=4123"},{"taxonomy":"product_cat","embeddable":true,"href":"https:\/\/www.dehag.de\/fitnesswelten\/wp-json\/wp\/v2\/product_cat?post=4123"},{"taxonomy":"product_tag","embeddable":true,"href":"https:\/\/www.dehag.de\/fitnesswelten\/wp-json\/wp\/v2\/product_tag?post=4123"}],"curies":[{"name":"wp","href":"https:\/\/api.w.org\/{rel}","templated":true}]}}