{"id":4261,"date":"2015-01-27T00:00:00","date_gmt":"2015-01-26T23:00:00","guid":{"rendered":"http:\/\/www.dehag.de\/fitnesswelten\/produkt\/redondo-ball-touch-18cm-anthrazit\/"},"modified":"2025-08-12T08:55:24","modified_gmt":"2025-08-12T06:55:24","slug":"redondo-ball-touch-18cm-anthrazit","status":"publish","type":"product","link":"https:\/\/www.dehag.de\/fitnesswelten\/produkt\/redondo-ball-touch-18cm-anthrazit\/","title":{"rendered":"Redondo-Ball Touch 18cm anthrazit"},"content":{"rendered":"<p>Der Pilates Redondo Ball ist ein vielseitiges Trainingsger\u00e4t zur St\u00e4rkung der Wirbels\u00e4ulenmuskulatur und zur Mobilisation der Wirbelgelenke. Dank seines besonders weichen Materials eignet er sich ideal f\u00fcr \u00dcbungen im Pilates- und Yoga-Bereich.<\/p>\n<p>Die griffige Oberfl\u00e4che und das geringe Gewicht machen ihn zum perfekten Begleiter f\u00fcr Bauchmuskeltraining, Tiefenentspannung, Relaxation oder zur sanften Massage im Nackenbereich. Wird der Ball mit weniger Luft bef\u00fcllt, kann er auch hervorragend als unterst\u00fctzendes St\u00fctzkissen eingesetzt werden.<\/p>\n<p>Redondo B\u00e4lle sind bis ca. 120\u202fkg belastbar (bei \u00dcbungen in R\u00fcckenlage) und bestehen aus einem robusten, aber angenehm weichen Material, das sich leicht reinigen l\u00e4sst.<\/p>\n<p>Mit dem beiliegenden R\u00f6hrchen kann der Ball schnell und einfach individuell aufgepustet werden. Nach dem Training l\u00e4sst sich die Luft im Handumdrehen wieder ablassen \u2013 der Ball wird platzsparend zusammengefaltet und passt bequem in jede Sporttasche<\/p>\n","protected":false},"excerpt":{"rendered":"<p>Der Pilates Redondo Ball ist ein vielseitiges Trainingsger\u00e4t zur St\u00e4rkung der Wirbels\u00e4ulenmuskulatur und zur Mobilisation der Wirbelgelenke. Dank seines besonders weichen Materials eignet er sich ideal f\u00fcr \u00dcbungen im Pilates- und Yoga-Bereich.<\/p>\n","protected":false},"featured_media":4262,"template":"","meta":{"_et_pb_use_builder":"","_et_pb_old_content":"","_et_gb_content_width":""},"product_brand":[],"product_cat":[117],"product_tag":[],"class_list":{"0":"post-4261","1":"product","2":"type-product","3":"status-publish","4":"has-post-thumbnail","6":"product_cat-baelle-und-zubehoer","7":"product_shipping_class-dpd","9":"first","10":"instock","11":"taxable","12":"shipping-taxable","13":"purchasable","14":"product-type-simple"},"acf":[],"_links":{"self":[{"href":"https:\/\/www.dehag.de\/fitnesswelten\/wp-json\/wp\/v2\/product\/4261","targetHints":{"allow":["GET"]}}],"collection":[{"href":"https:\/\/www.dehag.de\/fitnesswelten\/wp-json\/wp\/v2\/product"}],"about":[{"href":"https:\/\/www.dehag.de\/fitnesswelten\/wp-json\/wp\/v2\/types\/product"}],"wp:featuredmedia":[{"embeddable":true,"href":"https:\/\/www.dehag.de\/fitnesswelten\/wp-json\/wp\/v2\/media\/4262"}],"wp:attachment":[{"href":"https:\/\/www.dehag.de\/fitnesswelten\/wp-json\/wp\/v2\/media?parent=4261"}],"wp:term":[{"taxonomy":"product_brand","embeddable":true,"href":"https:\/\/www.dehag.de\/fitnesswelten\/wp-json\/wp\/v2\/product_brand?post=4261"},{"taxonomy":"product_cat","embeddable":true,"href":"https:\/\/www.dehag.de\/fitnesswelten\/wp-json\/wp\/v2\/product_cat?post=4261"},{"taxonomy":"product_tag","embeddable":true,"href":"https:\/\/www.dehag.de\/fitnesswelten\/wp-json\/wp\/v2\/product_tag?post=4261"}],"curies":[{"name":"wp","href":"https:\/\/api.w.org\/{rel}","templated":true}]}}